e
Is 34079 prime?
False
Is 35341 a prime number?
False
Is 499 composite?
False
Is 81401 a prime number?
True
Is 82651 a prime number?
True
Is 77201 a prime number?
True
Is 4091 prime?
True
Is 1397 a composite number?
True
Is 2599 composite?
True
Is 22189 a composite number?
False
Is 13381 composite?
False
Is 991409 composite?
False
Is 82457 a prime number?
True
Is 962441 a prime number?
True
Is 44921 prime?
False
Is 10691 a prime number?
True
Is 15569 composite?
False
Is 65103 prime?
False
Is 608867 a composite number?
True
Is 1438 prime?
False
Is 9223 prime?
False
Is 27361 prime?
True
Is 52963 composite?
False
Is 34019 a composite number?
False
Is 19123 prime?
False
Is 20783 prime?
False
Is 339463 a composite number?
True
Is 45827 prime?
True
Is 1220451 a composite number?
True
Is 270505 a prime number?
False
Is 22429 composite?
True
Is 215521 composite?
False
Is 8479 prime?
False
Is 15545 composite?
True
Is 3403 prime?
False
Is 12391 composite?
False
Is 17249 composite?
True
Is 664321 a prime number?
False
Is 180629 composite?
False
Is 15817 composite?
False
Is 14969 composite?
False
Is 28699 composite?
True
Is 47087 a composite number?
False
Is 8849 composite?
False
Is 25793 prime?
True
Is 9533 prime?
True
Is 34978 prime?
False
Is 1901 composite?
False
Is 130903 prime?
False
Is 269033 prime?
False
Is 1682399 composite?
False
Is 109717 composite?
False
Is 118817 prime?
False
Is 72607 prime?
False
Is 28283 prime?
True
Is 377 a composite number?
True
Is 9619 prime?
True
Is 89197 prime?
False
Is 80267 prime?
False
Is 358187 a composite number?
True
Is 54037 prime?
True
Is 5327 prime?
False
Is 71387 composite?
False
Is 11677 a composite number?
False
Is 974473 composite?
False
Is 8203 composite?
True
Is 5039 a prime number?
True
Is 298 a prime number?
False
Is 10061 a composite number?
False
Is 102871 composite?
False
Is 26557 a composite number?
False
Is 1318117 a composite number?
True
Is 1076393 a prime number?
False
Is 592546 composite?
True
Is 3943 a composite number?
False
Is 194297 composite?
True
Is 114133 a composite number?
True
Is 1589933 composite?
False
Is 181354 a prime number?
False
Is 24943 a composite number?
False
Is 2741 composite?
False
Is 44047 a prime number?
False
Is 303749 composite?
False
Is 109267 prime?
True
Is 293 a composite number?
False
Is 73237 prime?
True
Is 158183 composite?
True
Is 2901 prime?
False
Is 1415 a composite number?
True
Is 697 composite?
True
Is 59219 a composite number?
False
Is 17795 a composite number?
True
Is 381619 a composite number?
True
Is 2018309 prime?
True
Is 72193 a prime number?
False
Is 107287 a prime number?
False
Is 155479 composite?
True
Is 99602 composite?
True
Is 4187 a prime number?
False
Is 53437 a composite number?
False
Is 542371 prime?
True
Is 48179 a prime number?
True
Is 550751 composite?
True
Is 279049 a prime number?
False
Is 510007 a composite number?
False
Is 13253 a prime number?
False
Is 75611 prime?
True
Is 6401 prime?
False
Is 2912935 prime?
False
Is 18805 a composite number?
True
Is 212651 prime?
True
Is 62 a prime number?
False
Is 1514 a composite number?
True
Is 90787 a prime number?
True
Is 8263 prime?
True
Is 664843 composite?
False
Is 409583 composite?
True
Is 1361 a composite number?
False
Is 528571 composite?
True
Is 28895 prime?
False
Is 188011 a composite number?
False
Is 140167 composite?
False
Is 7019 prime?
True
Is 203465 composite?
True
Is 45029 a prime number?
False
Is 1611595 prime?
False
Is 119489 a composite number?
False
Is 2209 a composite number?
True
Is 91519 prime?
False
Is 5261 a composite number?
False
Is 353543 a prime number?
False
Is 9094 a prime number?
False
Is 36433 a composite number?
False
Is 1613973 a prime number?
False
Is 11771 composite?
True
Is 6959 composite?
False
Is 22693 a composite number?
True
Is 76069 a composite number?
True
Is 27509 prime?
True
Is 30421 a prime number?
False
Is 52418 prime?
False
Is 5639 a composite number?
False
Is 21178 a prime number?
False
Is 422153 a composite number?
True
Is 203207 a composite number?
False
Is 33827 composite?
False
Is 737 composite?
True
Is 282479 composite?
True
Is 10007 a composite number?
False
Is 92219 a composite number?
False
Is 312614 composite?
True
Is 32909 a prime number?
True
Is 778497 prime?
False
Is 152939 prime?
True
Is 674953 composite?
False
Is 8419 a prime number?
True
Is 2521 composite?
False
Is 368521 a composite number?
False
Is 20567 prime?
False
Is 50671 a prime number?
True
Is 359 prime?
True
Is 13227 a composite number?
True
Is 11197 a prime number?
True
Is 49559 composite?
False
Is 56195 a composite number?
True
Is 18227 prime?
False
Is 210331 a prime number?
False
Is 46313 a prime number?
False
Is 19547 prime?
False
Is 188857 a composite number?
False
Is 141863 a composite number?
False
Is 4083 a composite number?
True
Is 68467 a composite number?
True
Is 102517 prime?
False
Is 5269 composite?
True
Is 373 composite?
False
Is 4127 a prime number?
True
Is 1228931 a prime number?
False
Is 1657 a prime number?
True
Is 61853 a composite number?
True
Is 33179 composite?
False
Is 59291 prime?
False
Is 13323 prime?
False
Is 115043 composite?
True
Is 9902 a composite number?
True
Is 5471 a composite number?
False
Is 22405 a composite number?
True
Is 187987 composite?
False
Is 80477 composite?
True
Is 127997 prime?
True
Is 585811 a composite number?
True
Is 10643 prime?
False
Is 30389 prime?
True
Is 2187929 composite?
False
Is 548623 prime?
True
Is 24581 composite?
True
Is 474023 a composite number?
True
Is 299771 composite?
False
Is 43343 prime?
False
Is 1097413 a prime number?
True
Is 3326 a prime number?
False
Is 46889 composite?
False
Is 442343 a composite number?
True
Is 15089 a prime number?
False
Is 877 composite?
False
Is 128795 prime?
False
Is 144223 a prime number?
True
Is 10361 composite?
True
Is 11474 composite?
True
Is 49391 prime?
True
Is 1570993 a prime number?
False
Is 11383 a composite number?
False
Is 252641 composite?
False
Is 1477 composite?
True
Is 21382 prime?
False
Is 290471 a prime number?
True
Is 5147 a prime number?
True
Is 8609 composite?
False
Is 125329 a composite number?
False
Is 118097 composite?
True
Is 980711 composite?
False
Is 1758799 a composite number?
True
Is 144623 composite?
True
Is 13811 a prime number?
False
Is 300229 prime?
True
Is 491 prime?
True
Is 351259 composite?
False
Is 103081 a prime number?
False
Is 3097 composite?
True
Is 39361 prime?
False
Is 253615 prime?
False
Is 42937 prime?
True
Is 252001 composite?
False
Is 14349 a prime number?
False
Is 1797205 a prime number?
False
Is 4881 prime?
False
Is 126097 a composite number?
False
Is 10037 a prime number?
True
Is 116007 prime?
False
Is 60439 prime?
False
Is 4307 a composite number?
True
Is 2393263 a composite number?
False
Is 8059 composite?
False
Is 48449 composite?
False
Is 3407 composite?
False
Is 7151 a composite number?
False
Is 219323 prime?
False
Is 6943 a prime number?
False
Is 7639 a composite number?
False
Is 594109 a composite number?
True
Is 2779 a prime number?
False
Is 397 prime?
True
Is 13361 a prime number?
False
Is 617569 a prime number?
False
Is 299855 prime?
False
Is 62255 prime?
False
Is 31699 prime?
True
Is 20077 a composite number?
True
Is 263339 composite?
True
Is 17569 composite?
False
Is 24305 prime?
False
Is 141103 a prime number?
False
Is 500609 a prime number?
False
Is 56569 a prime number?
True
Is 3719 a prime number?
True
Is 2664149 prime?
True
Is 27983 composite?
False
Is 27733 composite?
False
Is 1142681 a prime number?
False
Is 1847 a composite number?
False
Is 94363 a composite number?
True
Is 40601 prime?
False
Is 17049 a prime number?
False
Is 65735 composite?
True
Is 4197 a composite number?
True
Is 1061227 a composite number?
False
Is 13381 a prime number?
True
Is 17351 a composite number?
False
Is 820693 a prime number?
False
Is 13397 a prime number?
True
Is 436217 composite?
False
Is 15709 prime?
False
Is 74881 prime?
False
Is 1132019 a prime number?
False
Is 3271 a composite number?
False
Is 57457 composite?
False
Is 136193 a composite number?
False
Is 7217137 a prime number?
True
Is 198703 a prime number?
False
Is 13523 a composite number?
False
Is 1351 prime?
False
Is 457081 prime?
False
Is 15297 a composite number?
